. Let f = v + 465. What is the tens digit of f?
8
What is the tens digit of 5558/3*2844/2212?
8
Suppose 2857518 = 95*t - 33*t. What is the hundreds digit of t?
0
Let f = -18 + 22. Let y be 5*(f - (-88)/(-5)). What is the tens digit of (-9)/(18/y) + -2?
3
Suppose 3*z = -0*z + 4*y - 4, -4*z + 3*y = -4. Suppose -4*m + 768 = 2*h, -z*h - 3*m = -25 - 1511. What is the tens digit of h?
8
Let i be 8*(-2605)/70 - (-2)/(-7). Suppose -6*s - 1518 = -9*s. Let g = s + i. What is the tens digit of g?
0
Let h(b) = 12*b - 46. Let z(y) = -13*y + 45. Let o(u) = -4*h(u) - 3*z(u). Suppose 3*x = -12, 3*x + x = -4*v - 52. What is the hundreds digit of o(v)?
1
Let t(q) = q**3 + 5*q**2 - 5*q + 3. Suppose 4*r + 20 = 2*c, -2*r - 14 = -4*c + 5*c. Let g be t(r). What is the hundreds digit of 159 + 10/g*42/(-35)?
1
Let b be -24*1*9*-9. Suppose m = -4*o + b, 4*o - 2*o = m + 978. Suppose 5*a + 0*a = 2*r + o, 3*a - 293 = r. What is the units digit of a?
9
What is the ten thousands digit of (-150 - -140) + 112053*2/3?
7
Let k(g) = 55*g**2 + 123*g - 92. What is the thousands digit of k(-9)?
3
Let f(p) = 2*p**3 - 6*p**2 + 5*p + 16. Let z = -23 - -31. Let a be z - (1 + (-4 - -8) - 2). What is the tens digit of f(a)?
4
Suppose 101988 = 18*c - 4*c - 2*c. What is the hundreds digit of c?
4
Let m be ((-15)/12)/(-5) + (-19)/(-4). Suppose h + x - 245 = 0, 2*x - 7*x = -m*h + 1235. Let w = h + -153. What is the units digit of w?
3
Suppose -9*x - 14 - 31 = 0. Let q(j) = -j**3 - 5*j**2 - 2*j - 8. Let v be q(x). What is the tens digit of v/(-5) + 3856/40?
9
Suppose -4*i + 2566 - 242 = 4*m, 2*i = m - 569. What is the tens digit of m?
7
Let y(v) = -2670*v + 338. What is the tens digit of y(-14)?
1
Suppose -2*c - 1 = 3*y - c, 3*c = -y - 3. Suppose -241*k + 242*k - 609 = y. What is the units digit of k?
9
Suppose 2*g = -3*m + 7522, 5*m + 3735 = 16*g - 15*g. What is the units digit of g?
5
Let o be -2 - -5 - (3*-111 + 0). What is the hundreds digit of (o/7)/((-12)/(-104))?
4
Let g be (-2)/6 - (-91)/21. Suppose -2*a + 3*q = -3*a - 3, 3*a - 4*q = g. Suppose -3*b = -5*c - 52, b - 24 = -a*b - 5*c. What is the units digit of b?
9
Suppose -34*t = -39*t + 105. Suppose 5*x + k - 10 = 5, 4*x = k + t. Suppose 2*f + x = 2*y + 56, -3*y = -2*f + 54. What is the tens digit of f?
2
Suppose -5*b - 183 = -3*s, 2*b = -4 - 2. Let f(x) = -18*x + 12. Let g be f(-6). Let y = g - s. What is the tens digit of y?
6
Suppose 7*d - 4 - 17 = 0. Suppose 4*y - q - 3197 = -4*q, -y = d*q - 797. What is the hundreds digit of y?
8
Let c = -370 + 367. Suppose y + 36 = -3*y. What is the units digit of (-1368)/(-27) + c/y?
1
Let t = 29557 + 22787. What is the tens digit of t?
4
Let w(a) be the first derivative of -3*a**4/2 - a**3/3 + 9. Let g = 41 - 42. What is the units digit of w(g)?
5
Let c(k) = k + 14. Let m(z) = 7*z + 8. Let l(p) = 13*p + 15. Let x(d) = -6*l(d) + 11*m(d). Let j be x(-15). What is the tens digit of c(j)?
2
Suppose 2*f = a + 54919, -84255 = -4*f - 5*a + 25604. What is the hundreds digit of f?
4
Let r(z) = -4*z**2 - z**3 + 6*z + z**2 + z**2 + 100 - 95. Let j be r(-3). Let t(p) = 7*p**2 + 9*p - 4. What is the tens digit of t(j)?
7
Let r(m) = 2*m**2 + 23*m - 39. Let z be r(-13). Suppose -412*b + 417*b - 5 = z. Let k(a) = 266*a - 3. What is the hundreds digit of k(b)?
2
What is the hundreds digit of (-18)/((-16256)/201950 + 10/375*3)?
3
Suppose 4*g = -u + 10, -6 = -3*g - u + 1. Suppose 1980 = 2*m + g*x, -4931 = -5*m + x + x. What is the tens digit of m?
8
Let y(o) = -51*o**3 + 2*o**2 + 9*o + 17. Let d be y(-2). Let x = 322 + d. What is the units digit of x?
7
Let p = -27325 + 54340. What is the units digit of p?
5
Let i be (-16)/(-6)*(-93)/62. What is the hundreds digit of (27 + -23)/(0 + i/(-390))?
3
Let s(c) = c**2 + 16*c + 42. Let u be s(-13). What is the tens digit of (-3795)/(-45)*u*1?
5
Let j = -79 - -132. Let f = j + -53. Suppose -k + 2*l = k - 128, 3*k + 4*l - 164 = f. What is the tens digit of k?
6
Let t(i) = -6*i**3 + 3*i**2 + 18*i + 3. Suppose 0 = -4*u - 10*b + 6*b, 2*b + 15 = -5*u. What is the tens digit of t(u)?
3
Suppose -3*z + 194261 = 5*h - 15878, 0 = -h + 5*z + 42067. What is the units digit of h?
2
Suppose -555*h - 2*d + 270782 = -550*h, -2*d - 216658 = -4*h. What is the hundreds digit of h?
1
What is the ten thousands digit of (14 + 6965017/(-116))/(11/(-4) + 2)?
8
Suppose -14*i + 13*i + 21 = 0. Let q = 26 - i. Suppose q*n - 4*p - 1101 = -5*p, -p = -1. What is the units digit of n?
0
What is the tens digit of (-59 - -45)*(-75588)/42?
9
Suppose -4*z - 21 = -3*g - z, 5*g - 3*z - 35 = 0. Let y(r) = 2*r**2 + 85*r - 7. What is the hundreds digit of y(g)?
6
Let r = 21411 - -63. What is the hundreds digit of r?
4
Let q(d) = -d + 7. Let o(c) = c**3 - 4*c**2 + 4*c - 7. Let b be o(3). Let m be q(b). Suppose 29 - m = 3*r. What is the units digit of r?
6
Suppose -4*w + 22 = -i, -3*i - 3*w = i - 7. Let z(b) = -78*b - 1 + 4*b**2 + 25*b + 24*b + 0 + 27*b. What is the units digit of z(i)?
9
Let g(k) = -5*k - 11. Let v(j) = 15*j + 32. Let s(d) = -8*g(d) - 3*v(d). Let t be s(-3). Suppose 3*b = t*b - 692. What is the tens digit of b?
7
Suppose -4*s = -3*c + 84, -17 + 227 = 6*c - s. What is the units digit of c?
6
What is the ten thousands digit of (-32709144)/(-2829) - 2/23?
1
Let j = -4285 - -9637. What is the thousands digit of j?
5
Suppose -2*a + 2 = 3*l, -4*a - 14 = l - 7*a. What is the hundreds digit of 43*l*126/(-36)?
3
Suppose 31034 - 100559 = -15*n. Suppose 0 = -4*b - 5*l + 3206 + 493, 5*b - n = -4*l. What is the tens digit of b?
3
Let z = -3 - -137. Suppose -4*v + 4*r - 2 = -z, -r = -4*v + 117. What is the tens digit of (-4444)/(-28) + 8/v?
5
Let g = 24 - -474. Let j = g - 41. What is the tens digit of j?
5
Let h(o) = -6978*o - 2004. What is the units digit of h(-4)?
8
Let a be 1*21*(-1)/(-3). Suppose 0 = 2*m - l - 30, -a*l = 5*m - 2*l - 45. What is the tens digit of m?
1
Suppose 5*l + 60 = 3*a, 7*a = 2*a - 4*l + 63. Let t(f) = 4*f - 7 + 5*f - 2*f. What is the units digit of t(a)?
8
What is the ten thousands digit of (7 + -5 + 1)*(-2689060)/(-132)?
6
Let h = 707 + 3675. What is the thousands digit of h?
4
Let p(q) = 260*q - 536. Let k = -872 + 879. What is the hundreds digit of p(k)?
2
What is the thousands digit of 57/(-63) + 1 + (-1211043)/(-63)?
9
Let d(w) = -8*w**2 + w - 31. Let k be d(11). Let v = -349 - k. What is the tens digit of v?
3
Let w be 74 + (16/(-10))/((-22)/(-55)). Let t = 73 - w. Suppose 0 = -i + u + 14, t*u - 78 = -5*i + 6*u. What is the tens digit of i?
1
What is the thousands digit of ((-2176)/384)/((-2)/660)?
1
Suppose 0 = -1114*w + 1112*w - p + 169737, 339495 = 4*w - p. What is the units digit of w?
2
Let u(j) be the first derivative of 73*j**2/2 - 2*j + 79. What is the tens digit of u(5)?
6
Let l(m) = 523*m - 3. Let v be l(-2). Let n = v + 1558. What is the units digit of n?
9
Let i(s) = 48*s**2 + 11*s + 4. Let z = 26 + -29. What is the units digit of i(z)?
3
Let a = 36045 + -22280. What is the ten thousands digit of a?
1
Let m(c) = -11*c + 399. Let s be m(0). Let u = s - 121. What is the tens digit of u?
7
Let c = -11513 + 13390. What is the units digit of c?
7
Let r = 609 - -7599. What is the tens digit of r?
0
Suppose -4*x + 4023 = 2*b + 203, 5*b = -4*x + 9544. What is the units digit of b?
8
Let u = -53 - -58. Suppose -4*s + 1106 = u*i - 2*s, 0 = -4*i + s + 877. What is the units digit of i?
0
Let f(n) = -352*n + 1073. What is the tens digit of f(-22)?
1
Let i(u) = 37*u + 45. Let d be i(3). Let k = 343 - d. What is the tens digit of k?
8
Let f = 14 + 86. What is the tens digit of ((-442)/(-104))/(1/f)?
2
Let q(a) = 38*a - 13*a + 3*a**2 - 14*a - 8 - 38. What is the tens digit of q(11)?
3
Let q be -5 - (-5)/3*3 - 2. What is the hundreds digit of -6*(-52 + q)*(-30)/(-9)?
0
Let v(i) = -i**2 - 32*i - 6. Let w be v(-38). Let c = -119 - w. What is the units digit of c?
5
Suppose 3*d = 6, -7*k + 8*k + 1011 = 4*d. Let x = -673 - k. What is the units digit of x?
0
Suppose -8*q - 4368 = -3*j - 11*q, 0 = -2*j + 3*q + 2927. What is the units digit of j?
9
Suppose -l - 4*i + 19248 = 0, 4*l - 3*i - 46172 = 30858. What is the units digit of l?
6
Let q = 151 - 147. Suppose l + r - 1894 = -4*l, 5*r + 1521 = q*l. What is the units digit of l?
9
Let r(q) = q**3 - 14*q**2 - 15*q + 2. Let l be r(1